-1100011111011101000011000
In base 5, what is -10 + 411041220?
411041210
In base 10, what is 191608789 + 5?
191608794
In base 2, what is 1100100001110011011 - 1100001101?
1100100000010001110
In base 9, what is 1136 - -1574627?
1575764
In base 11, what is a - -536437?
536446
In base 5, what is -10 + -1301124243002?
-1301124243012
In base 2, what is 1110011001000011 + -10011101011?
1110000101011000
In base 10, what is -42724028 + 4?
-42724024
In base 3, what is -1002220 + 21212000022?
21210220102
In base 13, what is 26b2230 + 2?
26b2232
In base 16, what is -3150 - -572?
-2bde
In base 11, what is -4 + a221a79?
a221a75
In base 9, what is -18572472 - -4?
-18572467
In base 4, what is -11 + 101032023123?
101032023112
In base 15, what is -44873 + 2a?
-44848
In base 16, what is eb5a - -dfb?
f955
In base 2, what is -1101 + 1100000011101100011?
1100000011101010110
In base 7, what is -5 - -106101562?
106101554
In base 2, what is 1000 + -1100010001101000011101010?
-1100010001101000011100010
In base 12, what is -3504 + -227a?
-5782
In base 4, what is 311203213 + 2203?
311212022
In base 3, what is -11221102110100022 + 10?
-11221102110100012
In base 14, what is 5 + 17886b97?
17886b9c
In base 16, what is -232166 + -1?
-232167
In base 16, what is -5 - -68396?
68391
In base 16, what is -12bf1a + -f?
-12bf29
In base 11, what is -3581833a + -1?
-35818340
In base 7, what is 125355 + -243531?
-115143
In base 14, what is -3 + -cad23c?
-cad241
In base 11, what is -5 - 51235a?
-512364
In base 11, what is -17834 + 164?
-17680
In base 8, what is -11505 + 7476?
-2007
In base 12, what is 7a72 + -36?
7a38
In base 11, what is a5 + 2482045?
248213a
In base 14, what is 10b666 - -14?
10b67a
In base 4, what is 213321 + -200231?
13030
In base 15, what is -40 - -13c676?
13c636
In base 15, what is 2 + -65e2c15?
-65e2c13
In base 6, what is 13240 - -2543335?
3001015
In base 7, what is 4 + 12313344?
12313351
In base 7, what is -1563224 - 503?
-1564030
In base 2, what is -10111110010111000001110 + 0?
-10111110010111000001110
In base 16, what is -7 + 5820d?
58206
In base 6, what is 225352411 + -32?
225352335
In base 2, what is 101000000000110111100 - 11?
101000000000110111001
In base 3, what is 1002 - -111012221211100?
111012221212102
In base 2, what is 111010001111 + 11010010110001?
100001101000000
In base 15, what is -1deb708 + -1?
-1deb709
In base 8, what is 445450 + -1655?
443573
In base 10, what is -1332 - 6028?
-7360
In base 5, what is -1201114202 - -4?
-1201114143
In base 4, what is 3110232 + -31031?
3013201
In base 16, what is 68caae8 + -4?
68caae4
In base 15, what is 1 + -2333a2c?
-2333a2b
In base 13, what is 10 + 52c?
53c
In base 15, what is -3b6846c - 4?
-3b68471
In base 4, what is -23301110232 - 1?
-23301110233
In base 6, what is 35420110 + 335?
35420445
In base 9, what is -177556 - 503?
-178160
In base 7, what is -2405040 + -46?
-2405116
In base 3, what is -1012022001022 - 2?
-1012022001101
In base 3, what is -20000212 + 12122100021?
12102022102
In base 7, what is 2244534362 + 0?
2244534362
In base 4, what is 3 - -130322221312?
130322221321
In base 8, what is 4 + 23354312?
23354316
In base 4, what is 101131 - 20011130?
-13303333
In base 5, what is -110021033 - 40?
-110021123
In base 2, what is 1000100 + 10001110001100111000001?
10001110001101000000101
In base 13, what is -1 - 409690?
-409691
In base 14, what is 2a1d8 + 1466?
2b660
In base 9, what is 67 + 184717?
184785
In base 13, what is -296c1 - -44?
-2967a
In base 5, what is 10 - 3220224110?
-3220224100
In base 7, what is 36 - -50432151?
50432220
In base 8, what is -23 - -47250353?
47250330
In base 6, what is -2335551 - -1242?
-2334305
In base 4, what is 3312022 + 121303?
10033331
In base 8, what is 13117 - 2554?
10343
In base 10, what is 2950 - 24776?
-21826
In base 16, what is -34a + 1e8953?
1e8609
In base 16, what is 108ed1 - -23?
108ef4
In base 2, what is -1011110011010 + 11110100101?
-111111110101
In base 16, what is 13c073 + -f?
13c064
In base 11, what is -1a9025 + 34a?
-1a8786
In base 3, what is -10222011220 + 100221?
-10221210222
In base 6, what is -21432513 + 40?
-21432433
In base 5, what is 1000032131 - -2?
1000032133
In base 14, what is 4 + -4cca598?
-4cca594
In base 14, what is -23d + b60a4?
b5c65
In base 11, what is -5a82317 + -1?
-5a82318
In base 10, what is -193 - -84709?
84516
In base 8, what is -62340305 - 17?
-62340324
In base 3, what is 11210012021211 - 100?
11210012021111
In base 8, what is 1 - -5010673?
5010674
In base 15, what is 1b + -e2146?
-e212a
In base 14, what is -6036c7 - -25?
-6036a2
In base 10, what is -32528259 - 1?
-32528260
In base 15, what is -1a + -a3c84?
-a3c9e
In base 7, what is 3131 - 1346263?
-1343132
In base 13, what is 108b - 5806?
-4748
In base 8, what is 1 - 37636240?
-37636237
In base 9, what is 4 + 46876478?
46876483
In base 8, what is 70 - -1767677?
1767767
In base 11, what is -1722 + 11697?
aa75
In base 4, what is -102131032131 + -21?
-102131032212
In base 5, what is -32224111144 + -100?
-32224111244
In base 6, what is 2434 + 2052?
4530
In base 11, what is 30 - -257917?
257947
In base 15, what is -1a336e - -331?
-1a303d
In base 12, what is 165ab41 - -293?
165b214
In base 6, what is 515 - -11521421?
11522340
In base 13, what is -63764b2 - -5?
-63764aa
In base 3, what is 21 - 2122012022121?
-2122012022100
In base 11, what is 52 - -176977?
176a19
In base 11, what is 4 - -984976a8?
98497701
In base 11, what is 606a7597 + 2?
606a7599
In base 14, what is 52 + -20c30?
-20bbc
In base 5, what is 10220121 - 112211?
10102410
In base 4, what is -100013333 - 2312011?
-102332010
In base 5, what is 120 - -1401414111?
1401414231
In base 12, what is -15 + 37a052?
37a039
In base 12, what is 9956 - -124?
9a7a
In base 6, what is 201 - 410412044?
-410411443
In base 2, what is -100 + -10000101111110110100100000000?
-10000101111110110100100000100
In base 16, what is f3bb - d9?
f2e2
In base 8, what is -145 + 12353?
12206
In base 7, what is 4 + -5664444?
-5664440
In base 3, what is 202021210012 + 11222?
202021222011
In base 7, what is 1022312601 - 2?
1022312566
In base 16, what is -2 - 71f44?
-71f46
In base 13, what is c4336 + 6a8?
c4a11
In base 16, what is -1 - -aced99?
aced98
In base 16, what is -1108 + d895?
c78d
In base 9, what is -1 - 130280518?
-130280520
In base 2, what is 1000010111110 + -1111100001?
110011011101
In base 7, what is 614 - -11364165?
11365112
In base 13, what is -2 - -7b3c?
7b3a
In base 5, what is -44433233120 - 0?
-44433233120
In base 4, what is 11130 + 1032121303?
1032133033
In base 15, what is -c4708c - 4?
-c47091
In base 15, what is -10 + 67b4?
67a4
In base 15, what is 4d7c - a?
4d72
In base 6, what is -13 + -1140133315?
-1140133332
In base 8, what is 33 - 5325741?
-5325706
In base 5, what is 202223312 - -3?
202223320
In base 13, what is 0 + -36185168?
-36185168
In base 10, what is 5 - -1798710?
1798715
In base 3, what is -12020010100202 - -1?
-12020010100201
In base 9, what is 1 + 10263635?
10263636
In base 5, what is 113413012014 + 3?
113413012022
In base 16, what is -ec9 - f85?
-1e4e
In base 14, what is -81bd7 + 50?
-81b87
In base 3, what is -20011121102 + -210200?
-20012102002
In base 6, what is 1044415020 - -14?
1044415034
In base 7, what is -140555 - -166014?
25126
In base 12, what is 2111a4 - -21?
211205
In base 8, what is -355456 - 7?
-355465
In base 4, what is 1120022310203 - -3?
1120022310212
In base 11, what is -5 - -17a51898?
17a51893
In base 2, what is -11010101010 - -110000001010?
10101100000
In base 10, what is 868175 + 7?
868182
In base 13, what is 8a345 - -2?
8a347
In base 12, what is 1b47 - b715?
-978a
In base 11, what is -8683 + -a976?
-18549
In base 9, what is -677 + 14655?
13867
In base 5, what is 314 - -104034232?
104040101
In base 12, what is -371 - -85208?
84a57
In base 13, what is -2 - 43887a7?
-43887a9
In base 10, what is 169 + -56124?
-55955
In base 14, what is 3c3cba - -28?
3c3d04
In base 6, what is 12505032530 - 0?
12505032530
In base 13, what is -5 - -679517?
679512
In base 8, what is -715535632 + -1?
-715535633
In base 8, what is 2 - 30770?
-30766
In base 9, what is 6 + 35708755?
35708762
In base 13, what is 132 + -16296c?
-16283a
In base 16, what is 55fad84 + -15?
55fad6f
In base 10, what is 72651056 + 2?
72651058
In base 11, what is 2